{"id":138,"date":"2019-03-21T14:39:32","date_gmt":"2019-03-21T13:39:32","guid":{"rendered":"http:\/\/artprojectrots.fr\/?page_id=138"},"modified":"2022-04-13T11:57:19","modified_gmt":"2022-04-13T09:57:19","slug":"contact","status":"publish","type":"page","link":"https:\/\/artprojectrots.fr\/index.php\/contact\/","title":{"rendered":"Contact"},"content":{"rendered":"<p>Le centre d&rsquo;animation de Rots se situe rue Haute Bonny \u00e0 Rots. Les cours ont lieu dans la grande salle :<\/p>\n<div><iframe loading=\"lazy\" style=\"border: 0;\" src=\"https:\/\/www.google.com\/maps\/embed?pb=!1m18!1m12!1m3!1d2191.985290124896!2d-0.47819141801747755!3d49.20578559994268!2m3!1f0!2f0!3f0!3m2!1i1024!2i768!4f13.1!3m3!1m2!1s0x480a5b48131d4cbd%3A0xb8181647bfc07cd9!2sSalle+Des+F%C3%AAtes+De+Rots!5e0!3m2!1sfr!2sfr!4v1553257861478\" width=\"400\" height=\"300\" frameborder=\"0\" allowfullscreen=\"allowfullscreen\"><\/iframe><\/div>\n<p>Vous pouvez nous contacter :<\/p>\n<ul>\n<li>Par mail <a href=\"mailto:artprojectrots.contact@gmail.com\">artprojectrots.contact@gmail.com<\/a><\/li>\n<li>Sur <em>Instagram <\/em>: <a href=\"https:\/\/www.instagram.com\/artprojectdanse\/\" target=\"_blank\" rel=\"noopener\">@artprojectdanse<\/a><\/li>\n<li>Par t\u00e9l\u00e9phone : 06 83 81 05 35 (H\u00e9l\u00e8ne, professeur de danse)<\/li>\n<li>Par courrier postal : <em><strong>Association Art Project <\/strong>&#8211; Esplanade de la mairie, 14980 Rots<\/em><\/li>\n<li>En compl\u00e9tant ce <strong>formulaire en ligne<\/strong>:<\/li>\n<\/ul>\n\n<div class=\"wpcf7 no-js\" id=\"wpcf7-f316-o1\" lang=\"fr-FR\" dir=\"ltr\" data-wpcf7-id=\"316\">\n<div class=\"screen-reader-response\"><p role=\"status\" aria-live=\"polite\" aria-atomic=\"true\"><\/p> <ul><\/ul><\/div>\n<form action=\"\/index.php\/wp-json\/wp\/v2\/pages\/138#wpcf7-f316-o1\" method=\"post\" class=\"wpcf7-form init\" aria-label=\"Formulaire de contact\" novalidate=\"novalidate\" data-status=\"init\">\n<fieldset class=\"hidden-fields-container\"><input type=\"hidden\" name=\"_wpcf7\" value=\"316\" \/><input type=\"hidden\" name=\"_wpcf7_version\" value=\"6.1.5\" \/><input type=\"hidden\" name=\"_wpcf7_locale\" value=\"fr_FR\" \/><input type=\"hidden\" name=\"_wpcf7_unit_tag\" value=\"wpcf7-f316-o1\" \/><input type=\"hidden\" name=\"_wpcf7_container_post\" value=\"0\" \/><input type=\"hidden\" name=\"_wpcf7_posted_data_hash\" value=\"\" \/><input type=\"hidden\" name=\"_wpcf7_recaptcha_response\" value=\"\" \/>\n<\/fieldset>\n<p><label> Votre nom (obligatoire)<br \/>\n<span class=\"wpcf7-form-control-wrap\" data-name=\"your-name\"><input size=\"100\" maxlength=\"400\" class=\"wpcf7-form-control wpcf7-text wpcf7-validates-as-required\" aria-required=\"true\" aria-invalid=\"false\" value=\"\" type=\"text\" name=\"your-name\" \/><\/span> <\/label><br \/>\n<label> Votre adresse de messagerie (obligatoire)]<br \/>\n<span class=\"wpcf7-form-control-wrap\" data-name=\"your-email\"><input size=\"80\" maxlength=\"400\" class=\"wpcf7-form-control wpcf7-email wpcf7-validates-as-required wpcf7-text wpcf7-validates-as-email\" aria-required=\"true\" aria-invalid=\"false\" value=\"\" type=\"email\" name=\"your-email\" \/><\/span> <\/label><br \/>\n<label>T\u00e9l\u00e9phone (optionnel):<span class=\"wpcf7-form-control-wrap\" data-name=\"txt-tel\"><input size=\"10\" maxlength=\"10\" minlength=\"10\" class=\"wpcf7-form-control wpcf7-tel wpcf7-text wpcf7-validates-as-tel\" aria-invalid=\"false\" value=\"\" type=\"tel\" name=\"txt-tel\" \/><\/span> <\/label><br \/>\n<label> Objet<br \/>\n<span class=\"wpcf7-form-control-wrap\" data-name=\"your-subject\"><input size=\"40\" maxlength=\"400\" class=\"wpcf7-form-control wpcf7-text\" aria-invalid=\"false\" value=\"\" type=\"text\" name=\"your-subject\" \/><\/span> <\/label><br \/>\n<label> Votre message<br \/>\n<span class=\"wpcf7-form-control-wrap\" data-name=\"your-message\"><textarea cols=\"50\" rows=\"5\" maxlength=\"2000\" class=\"wpcf7-form-control wpcf7-textarea\" aria-invalid=\"false\" name=\"your-message\"><\/textarea><\/span> <\/label><br \/>\n<input class=\"wpcf7-form-control wpcf7-submit has-spinner\" type=\"submit\" value=\"Envoyer\" \/>\n<\/p><p style=\"display: none !important;\" class=\"akismet-fields-container\" data-prefix=\"_wpcf7_ak_\"><label>&#916;<textarea name=\"_wpcf7_ak_hp_textarea\" cols=\"45\" rows=\"8\" maxlength=\"100\"><\/textarea><\/label><input type=\"hidden\" id=\"ak_js_1\" name=\"_wpcf7_ak_js\" value=\"31\"\/><script>document.getElementById( \"ak_js_1\" ).setAttribute( \"value\", ( new Date() ).getTime() );<\/script><\/p><div class=\"wpcf7-response-output\" aria-hidden=\"true\"><\/div>\n<\/form>\n<\/div>\n\n<p>Art Project est une association Loi 1901.<\/p>\n","protected":false},"excerpt":{"rendered":"<p>Le centre d&rsquo;animation de Rots se situe rue Haute Bonny \u00e0 Rots. Les cours ont lieu dans la grande salle : Vous pouvez nous contacter : Par mail artprojectrots.contact@gmail.com Sur [&hellip;]<\/p>\n","protected":false},"author":1,"featured_media":0,"parent":0,"menu_order":0,"comment_status":"closed","ping_status":"closed","template":"","meta":{"_exactmetrics_skip_tracking":false,"_exactmetrics_sitenote_active":false,"_exactmetrics_sitenote_note":"","_exactmetrics_sitenote_category":0,"footnotes":""},"class_list":["post-138","page","type-page","status-publish","czr-hentry"],"yoast_head":"<!-- This site is optimized with the Yoast SEO plugin v27.3 - https:\/\/yoast.com\/product\/yoast-seo-wordpress\/ -->\n<title>Contact - Art Project Danse Rots<\/title>\n<meta name=\"description\" content=\"Contact de l&#039;association de danse Art Project Rots\" \/>\n<meta name=\"robots\" content=\"index, follow, max-snippet:-1, max-image-preview:large, max-video-preview:-1\" \/>\n<link rel=\"canonical\" href=\"https:\/\/artprojectrots.fr\/index.php\/contact\/\" \/>\n<meta property=\"og:locale\" content=\"fr_FR\" \/>\n<meta property=\"og:type\" content=\"article\" \/>\n<meta property=\"og:title\" content=\"Contact - Art Project Danse Rots\" \/>\n<meta property=\"og:description\" content=\"Contact de l&#039;association de danse Art Project Rots\" \/>\n<meta property=\"og:url\" content=\"https:\/\/artprojectrots.fr\/index.php\/contact\/\" \/>\n<meta property=\"og:site_name\" content=\"Art Project Danse Rots\" \/>\n<meta property=\"article:modified_time\" content=\"2022-04-13T09:57:19+00:00\" \/>\n<meta property=\"og:image\" content=\"https:\/\/artprojectrots.fr\/wp-content\/uploads\/2019\/03\/cropped-logo-550x550Favicon.jpg\" \/>\n\t<meta property=\"og:image:width\" content=\"512\" \/>\n\t<meta property=\"og:image:height\" content=\"512\" \/>\n\t<meta property=\"og:image:type\" content=\"image\/jpeg\" \/>\n<meta name=\"twitter:card\" content=\"summary_large_image\" \/>\n<meta name=\"twitter:label1\" content=\"Dur\u00e9e de lecture estim\u00e9e\" \/>\n\t<meta name=\"twitter:data1\" content=\"1 minute\" \/>\n<script type=\"application\/ld+json\" class=\"yoast-schema-graph\">{\"@context\":\"https:\\\/\\\/schema.org\",\"@graph\":[{\"@type\":\"WebPage\",\"@id\":\"https:\\\/\\\/artprojectrots.fr\\\/index.php\\\/contact\\\/\",\"url\":\"https:\\\/\\\/artprojectrots.fr\\\/index.php\\\/contact\\\/\",\"name\":\"Contact - Art Project Danse Rots\",\"isPartOf\":{\"@id\":\"https:\\\/\\\/artprojectrots.fr\\\/#website\"},\"datePublished\":\"2019-03-21T13:39:32+00:00\",\"dateModified\":\"2022-04-13T09:57:19+00:00\",\"description\":\"Contact de l'association de danse Art Project Rots\",\"breadcrumb\":{\"@id\":\"https:\\\/\\\/artprojectrots.fr\\\/index.php\\\/contact\\\/#breadcrumb\"},\"inLanguage\":\"fr-FR\",\"potentialAction\":[{\"@type\":\"ReadAction\",\"target\":[\"https:\\\/\\\/artprojectrots.fr\\\/index.php\\\/contact\\\/\"]}]},{\"@type\":\"BreadcrumbList\",\"@id\":\"https:\\\/\\\/artprojectrots.fr\\\/index.php\\\/contact\\\/#breadcrumb\",\"itemListElement\":[{\"@type\":\"ListItem\",\"position\":1,\"name\":\"Accueil\",\"item\":\"https:\\\/\\\/artprojectrots.fr\\\/\"},{\"@type\":\"ListItem\",\"position\":2,\"name\":\"Contact\"}]},{\"@type\":\"WebSite\",\"@id\":\"https:\\\/\\\/artprojectrots.fr\\\/#website\",\"url\":\"https:\\\/\\\/artprojectrots.fr\\\/\",\"name\":\"Art Project Danse Rots\",\"description\":\"Cours de danse Street Jazz Moderne Contemporaine \u00e0 Rots Caen\",\"publisher\":{\"@id\":\"https:\\\/\\\/artprojectrots.fr\\\/#organization\"},\"alternateName\":\"Ecole de danse Moderne Contemporaine Street Jazz \u00e0 rots pr\u00e8s de Caen\",\"potentialAction\":[{\"@type\":\"SearchAction\",\"target\":{\"@type\":\"EntryPoint\",\"urlTemplate\":\"https:\\\/\\\/artprojectrots.fr\\\/?s={search_term_string}\"},\"query-input\":{\"@type\":\"PropertyValueSpecification\",\"valueRequired\":true,\"valueName\":\"search_term_string\"}}],\"inLanguage\":\"fr-FR\"},{\"@type\":\"Organization\",\"@id\":\"https:\\\/\\\/artprojectrots.fr\\\/#organization\",\"name\":\"Art Project Danse Rots\",\"alternateName\":\"Ecole de danse Moderne Contemporaine Street Jazz \u00e0 rots pr\u00e8s de Caen\",\"url\":\"https:\\\/\\\/artprojectrots.fr\\\/\",\"logo\":{\"@type\":\"ImageObject\",\"inLanguage\":\"fr-FR\",\"@id\":\"https:\\\/\\\/artprojectrots.fr\\\/#\\\/schema\\\/logo\\\/image\\\/\",\"url\":\"http:\\\/\\\/artprojectrots.fr\\\/wp-content\\\/uploads\\\/2019\\\/03\\\/logo-danse-art-project-rots.jpg\",\"contentUrl\":\"http:\\\/\\\/artprojectrots.fr\\\/wp-content\\\/uploads\\\/2019\\\/03\\\/logo-danse-art-project-rots.jpg\",\"width\":772,\"height\":515,\"caption\":\"Art Project Danse Rots\"},\"image\":{\"@id\":\"https:\\\/\\\/artprojectrots.fr\\\/#\\\/schema\\\/logo\\\/image\\\/\"},\"sameAs\":[\"https:\\\/\\\/www.instagram.com\\\/artprojectdanse\\\/?hl=fr\"]}]}<\/script>\n<!-- \/ Yoast SEO plugin. -->","yoast_head_json":{"title":"Contact - Art Project Danse Rots","description":"Contact de l'association de danse Art Project Rots","robots":{"index":"index","follow":"follow","max-snippet":"max-snippet:-1","max-image-preview":"max-image-preview:large","max-video-preview":"max-video-preview:-1"},"canonical":"https:\/\/artprojectrots.fr\/index.php\/contact\/","og_locale":"fr_FR","og_type":"article","og_title":"Contact - Art Project Danse Rots","og_description":"Contact de l'association de danse Art Project Rots","og_url":"https:\/\/artprojectrots.fr\/index.php\/contact\/","og_site_name":"Art Project Danse Rots","article_modified_time":"2022-04-13T09:57:19+00:00","og_image":[{"width":512,"height":512,"url":"https:\/\/artprojectrots.fr\/wp-content\/uploads\/2019\/03\/cropped-logo-550x550Favicon.jpg","type":"image\/jpeg"}],"twitter_card":"summary_large_image","twitter_misc":{"Dur\u00e9e de lecture estim\u00e9e":"1 minute"},"schema":{"@context":"https:\/\/schema.org","@graph":[{"@type":"WebPage","@id":"https:\/\/artprojectrots.fr\/index.php\/contact\/","url":"https:\/\/artprojectrots.fr\/index.php\/contact\/","name":"Contact - Art Project Danse Rots","isPartOf":{"@id":"https:\/\/artprojectrots.fr\/#website"},"datePublished":"2019-03-21T13:39:32+00:00","dateModified":"2022-04-13T09:57:19+00:00","description":"Contact de l'association de danse Art Project Rots","breadcrumb":{"@id":"https:\/\/artprojectrots.fr\/index.php\/contact\/#breadcrumb"},"inLanguage":"fr-FR","potentialAction":[{"@type":"ReadAction","target":["https:\/\/artprojectrots.fr\/index.php\/contact\/"]}]},{"@type":"BreadcrumbList","@id":"https:\/\/artprojectrots.fr\/index.php\/contact\/#breadcrumb","itemListElement":[{"@type":"ListItem","position":1,"name":"Accueil","item":"https:\/\/artprojectrots.fr\/"},{"@type":"ListItem","position":2,"name":"Contact"}]},{"@type":"WebSite","@id":"https:\/\/artprojectrots.fr\/#website","url":"https:\/\/artprojectrots.fr\/","name":"Art Project Danse Rots","description":"Cours de danse Street Jazz Moderne Contemporaine \u00e0 Rots Caen","publisher":{"@id":"https:\/\/artprojectrots.fr\/#organization"},"alternateName":"Ecole de danse Moderne Contemporaine Street Jazz \u00e0 rots pr\u00e8s de Caen","potentialAction":[{"@type":"SearchAction","target":{"@type":"EntryPoint","urlTemplate":"https:\/\/artprojectrots.fr\/?s={search_term_string}"},"query-input":{"@type":"PropertyValueSpecification","valueRequired":true,"valueName":"search_term_string"}}],"inLanguage":"fr-FR"},{"@type":"Organization","@id":"https:\/\/artprojectrots.fr\/#organization","name":"Art Project Danse Rots","alternateName":"Ecole de danse Moderne Contemporaine Street Jazz \u00e0 rots pr\u00e8s de Caen","url":"https:\/\/artprojectrots.fr\/","logo":{"@type":"ImageObject","inLanguage":"fr-FR","@id":"https:\/\/artprojectrots.fr\/#\/schema\/logo\/image\/","url":"http:\/\/artprojectrots.fr\/wp-content\/uploads\/2019\/03\/logo-danse-art-project-rots.jpg","contentUrl":"http:\/\/artprojectrots.fr\/wp-content\/uploads\/2019\/03\/logo-danse-art-project-rots.jpg","width":772,"height":515,"caption":"Art Project Danse Rots"},"image":{"@id":"https:\/\/artprojectrots.fr\/#\/schema\/logo\/image\/"},"sameAs":["https:\/\/www.instagram.com\/artprojectdanse\/?hl=fr"]}]}},"_links":{"self":[{"href":"https:\/\/artprojectrots.fr\/index.php\/wp-json\/wp\/v2\/pages\/138","targetHints":{"allow":["GET"]}}],"collection":[{"href":"https:\/\/artprojectrots.fr\/index.php\/wp-json\/wp\/v2\/pages"}],"about":[{"href":"https:\/\/artprojectrots.fr\/index.php\/wp-json\/wp\/v2\/types\/page"}],"author":[{"embeddable":true,"href":"https:\/\/artprojectrots.fr\/index.php\/wp-json\/wp\/v2\/users\/1"}],"replies":[{"embeddable":true,"href":"https:\/\/artprojectrots.fr\/index.php\/wp-json\/wp\/v2\/comments?post=138"}],"version-history":[{"count":28,"href":"https:\/\/artprojectrots.fr\/index.php\/wp-json\/wp\/v2\/pages\/138\/revisions"}],"predecessor-version":[{"id":1072,"href":"https:\/\/artprojectrots.fr\/index.php\/wp-json\/wp\/v2\/pages\/138\/revisions\/1072"}],"wp:attachment":[{"href":"https:\/\/artprojectrots.fr\/index.php\/wp-json\/wp\/v2\/media?parent=138"}],"curies":[{"name":"wp","href":"https:\/\/api.w.org\/{rel}","templated":true}]}}