{"id":142,"date":"2019-03-21T14:40:21","date_gmt":"2019-03-21T13:40:21","guid":{"rendered":"http:\/\/artprojectrots.fr\/?page_id=142"},"modified":"2025-05-13T21:04:33","modified_gmt":"2025-05-13T19:04:33","slug":"actualites","status":"publish","type":"page","link":"https:\/\/artprojectrots.fr\/index.php\/actualites\/","title":{"rendered":"Actualit\u00e9s"},"content":{"rendered":"    <div data-options='{&quot;id&quot;:&quot;403&quot;,&quot;lazy_load&quot;:&quot;no&quot;,&quot;masonry_enable&quot;:&quot;no&quot;,&quot;view_type&quot;:&quot;grid&quot;}' id=\"post-grid-403\" class=\"post-grid grid\">\n    \n\n\n    <div class=\"grid-items\">\n      <div class=\"item item-1526 skin flat even 0 \">\n        <div class=\"layer-wrapper layout-863\">\n          <div class=\"layer-media \"\r\n        id=\"\">\r\n        <div\r\n        class=\"element element_1  element-media \">\r\n        <a target=\"_self\" href=\"https:\/\/artprojectrots.fr\/index.php\/2025\/06\/05\/samedi-6-septembre-2025-forum-des-associations-de-rots\/\"><img loading=\"lazy\" decoding=\"async\" width=\"1024\" height=\"683\" src=\"https:\/\/artprojectrots.fr\/wp-content\/uploads\/2019\/03\/A-Project-587-1200x800-1024x683.jpg\" class=\"attachment-large size-large no-lazy wp-post-image\" alt=\"\" \/><\/a>    <\/div>\r\n    <\/div>\r\n    <div class=\"layer-content element_3\"\r\n        id=\"\">\r\n        <div class=\"element element_4  title_link \">\r\n                    Samedi 6 septembre 2025 : Forum des associations de Rots            <\/div>\r\n            <a class=\"element element_5  read_more \"\r\n            target=\"_self\"\r\n            href=\"https:\/\/artprojectrots.fr\/index.php\/2025\/06\/05\/samedi-6-septembre-2025-forum-des-associations-de-rots\/\">Lire la suite...<\/a>\r\n        <\/div>\r\n    <\/div>\n  <\/div><div class=\"item item-1538 skin flat odd 1 \">\n        <div class=\"layer-wrapper layout-863\">\n          <div class=\"layer-media \"\r\n        id=\"\">\r\n        <div\r\n        class=\"element element_1  element-media \">\r\n        <a target=\"_self\" href=\"https:\/\/artprojectrots.fr\/index.php\/2025\/06\/05\/jeudi-18-decembre-2025-a-20h00-spectacle-portes-ouvertes\/\"><img loading=\"lazy\" decoding=\"async\" width=\"1024\" height=\"684\" src=\"https:\/\/artprojectrots.fr\/wp-content\/uploads\/2023\/09\/actu-2-e1695028090588-1024x684.webp\" class=\"attachment-large size-large no-lazy wp-post-image\" alt=\"\" \/><\/a>    <\/div>\r\n    <\/div>\r\n    <div class=\"layer-content element_3\"\r\n        id=\"\">\r\n        <div class=\"element element_4  title_link \">\r\n                    Jeudi 18 d\u00e9cembre 2025 \u00e0 20h00 : Spectacle portes ouvertes            <\/div>\r\n            <a class=\"element element_5  read_more \"\r\n            target=\"_self\"\r\n            href=\"https:\/\/artprojectrots.fr\/index.php\/2025\/06\/05\/jeudi-18-decembre-2025-a-20h00-spectacle-portes-ouvertes\/\">Lire la suite...<\/a>\r\n        <\/div>\r\n    <\/div>\n  <\/div><div class=\"item item-1533 skin flat even 2 \">\n        <div class=\"layer-wrapper layout-863\">\n          <div class=\"layer-media \"\r\n        id=\"\">\r\n        <div\r\n        class=\"element element_1  element-media \">\r\n        <a target=\"_self\" href=\"https:\/\/artprojectrots.fr\/index.php\/2025\/06\/05\/samedi-6-juin-et-dimanche-7-juin-2026-repetitions-generales-gala-2026\/\"><img loading=\"lazy\" decoding=\"async\" width=\"1024\" height=\"683\" src=\"https:\/\/artprojectrots.fr\/wp-content\/uploads\/2023\/09\/actu-3ter.jpg\" class=\"attachment-large size-large no-lazy wp-post-image\" alt=\"\" \/><\/a>    <\/div>\r\n    <\/div>\r\n    <div class=\"layer-content element_3\"\r\n        id=\"\">\r\n        <div class=\"element element_4  title_link \">\r\n                    Samedi 6 juin et dimanche 7 juin 2026 &#8211; R\u00e9p\u00e9titions g\u00e9n\u00e9rales Gala 2026            <\/div>\r\n            <a class=\"element element_5  read_more \"\r\n            target=\"_self\"\r\n            href=\"https:\/\/artprojectrots.fr\/index.php\/2025\/06\/05\/samedi-6-juin-et-dimanche-7-juin-2026-repetitions-generales-gala-2026\/\">Lire la suite...<\/a>\r\n        <\/div>\r\n    <\/div>\n  <\/div><div class=\"item item-1442 skin flat odd 3 \">\n        <div class=\"layer-wrapper layout-863\">\n          <div class=\"layer-media \"\r\n        id=\"\">\r\n        <div\r\n        class=\"element element_1  element-media \">\r\n        <a target=\"_self\" href=\"https:\/\/artprojectrots.fr\/index.php\/2024\/10\/03\/samedi-31-mai-2025-gala-de-danse-art-project-danse-rots\/\"><img loading=\"lazy\" decoding=\"async\" width=\"1024\" height=\"768\" src=\"https:\/\/artprojectrots.fr\/wp-content\/uploads\/2024\/10\/Gala-2024_1024.jpg\" class=\"attachment-large size-large no-lazy wp-post-image\" alt=\"\" \/><\/a>    <\/div>\r\n    <\/div>\r\n    <div class=\"layer-content element_3\"\r\n        id=\"\">\r\n        <div class=\"element element_4  title_link \">\r\n                    Samedi 13 juin 2026 20h : Gala de danse ART PROJECT DANSE ROTS            <\/div>\r\n            <a class=\"element element_5  read_more \"\r\n            target=\"_self\"\r\n            href=\"https:\/\/artprojectrots.fr\/index.php\/2024\/10\/03\/samedi-31-mai-2025-gala-de-danse-art-project-danse-rots\/\">Lire la suite...<\/a>\r\n        <\/div>\r\n    <\/div>\n  <\/div><div class=\"item item-1309 skin flat even 4 \">\n        <div class=\"layer-wrapper layout-863\">\n          <div class=\"layer-media \"\r\n        id=\"\">\r\n        <div\r\n        class=\"element element_1  element-media \">\r\n        <a target=\"_self\" href=\"https:\/\/artprojectrots.fr\/index.php\/2024\/01\/18\/ouest-france-article-art-project-18-12-2023\/\"><img loading=\"lazy\" decoding=\"async\" width=\"1024\" height=\"683\" src=\"https:\/\/artprojectrots.fr\/wp-content\/uploads\/2024\/01\/REVUE-DE-PRESSE-Ouest-France-cadre.png\" class=\"attachment-large size-large no-lazy wp-post-image\" alt=\"\" \/><\/a>    <\/div>\r\n    <\/div>\r\n    <div class=\"layer-content element_3\"\r\n        id=\"\">\r\n        <div class=\"element element_4  title_link \">\r\n                    Ouest-France consacre un article \u00e0 l&rsquo;association Art Project (18\/12\/2023)            <\/div>\r\n            <a class=\"element element_5  read_more \"\r\n            target=\"_self\"\r\n            href=\"https:\/\/artprojectrots.fr\/index.php\/2024\/01\/18\/ouest-france-article-art-project-18-12-2023\/\">Lire la suite...<\/a>\r\n        <\/div>\r\n    <\/div>\n  <\/div>    <\/div>\n    <div class=\"pagination\">\n      <div class=\"paginate\">\n      <\/div>\n  <style type=\"text\/css\">\n    #post-grid-403 .pagination .page-numbers {\n      font-size: 16px;\n      color: #fff;\n      background: #646464;\n    }\n\n    #post-grid-403 .pagination .page-numbers:hover,\n    #post-grid-403 .pagination .page-numbers.current {\n      background: #4b4b4b;\n    }\n  <\/style>\n  <\/div>\n        <style type=\"text\/css\">\r\n            .layout-863 .element_0 {\r\n                            }\r\n\r\n                    <\/style>\r\n        <style type=\"text\/css\">\r\n        .layout-863 .element_1 {\r\n            overflow: hidden;\r\n                    }\r\n\r\n        .layout-863 .element_1 img {\r\n            max-width: 100%;\r\n            height: auto;\r\n        }\r\n\r\n        @media only screen and (min-width: 1024px) {\r\n            .layout-863 .element_1 {\r\n                height: auto;\r\n                            }\r\n        }\r\n\r\n        @media only screen and (min-width: 768px) and (max-width: 1023px) {\r\n            .layout-863 .element_1 {\r\n                height: auto;\r\n                            }\r\n        }\r\n\r\n        @media only screen and (min-width: 0px) and (max-width: 767px) {\r\n            .layout-863 .element_1 {\r\n                height: auto;\r\n                            }\r\n        }\r\n    <\/style>\r\n        <style type=\"text\/css\">\r\n            .layout-863 .element_3 {\r\n                            }\r\n\r\n                    <\/style>\r\n        <style type=\"text\/css\">\r\n        .layout-863 .element_4 {\r\n            text-align: left;\r\n            display: block;font-size: 21px;line-height: normal;padding: 5px 10px;text-align: left;        }\r\n\r\n        .layout-863 .element_4 a {\r\n                    }\r\n    <\/style>\r\n    <style type=\"text\/css\">\r\n        .layout-863 .element_5 {\r\n            text-align: left;\r\n            display: block;font-size: 13px;line-height: normal;padding: 5px 10px;text-align: left;        }\r\n\r\n        .layout-863 .element_5 a {\r\n                    }\r\n    <\/style>\r\n      <style type=\"text\/css\">\n      \/*Write your CSS code here*\/    <\/style>\n        <style type=\"text\/css\">\n      .layout-863 a{text-decoration:none}\r\n.layout-863 {\r\n  vertical-align: top;\r\n}\r\n.layout-863 .layer-media{}\r\n.layout-863 .layer-content {\r\n}    <\/style>\n    <script>\n          \/*Write your js code here*\/          <\/script>\n    <style type=\"text\/css\">\n    #post-grid-403 {\n      padding: 10px;\n      background-color: #fff;\n          }\n\n    #post-grid-403 .item {\n      padding: 0px;\n      background: #fff;\n          }\n\n    #post-grid-403 .item .layer-media {\n      height:auto;    }\n\n    @media only screen and (min-width: 0px) and (max-width: 767px) {\n      #post-grid-403 .grid-items {\n        display: grid;\n        grid-template-columns: 1fr ;\n        column-gap: 10px;\n        row-gap: 10px;\n              }\n\n      #post-grid-403 .item {\n        width: 1;\n        margin: 10px;\n        display: inline-block;\n        vertical-align: top;\n        height:auto;      }\n    }\n\n    @media only screen and (min-width: 768px) and (max-width: 1023px) {\n      #post-grid-403 .grid-items {\n        text-align: center;\n              }\n\n      #post-grid-403 .item {\n        width: 280px;\n        margin: 10px;\n        display: inline-block;\n        vertical-align: top;\n        max-height:auto;      }\n    }\n\n    @media only screen and (min-width: 1024px) {\n      #post-grid-403 .grid-items {\n        text-align: center;\n              }\n\n      #post-grid-403 .item {\n        width: 280px;\n        display: inline-block;\n        margin: 10px;\n        vertical-align: top;\n        height:auto;      }\n    }\n\n      <\/style>\n  <\/div>\n\n","protected":false},"excerpt":{"rendered":"","protected":false},"author":1,"featured_media":0,"parent":0,"menu_order":0,"comment_status":"closed","ping_status":"closed","template":"","meta":{"_exactmetrics_skip_tracking":false,"_exactmetrics_sitenote_active":false,"_exactmetrics_sitenote_note":"","_exactmetrics_sitenote_category":0,"footnotes":""},"class_list":["post-142","page","type-page","status-publish","czr-hentry"],"yoast_head":"<!-- This site is optimized with the Yoast SEO plugin v27.3 - https:\/\/yoast.com\/product\/yoast-seo-wordpress\/ -->\n<title>Actualit\u00e9s - Art Project Danse Rots<\/title>\n<meta name=\"description\" content=\"Actualit\u00e9s de l&#039;association Art Project Danse Rots - Spectacle, repetitions, photo, videos, entrainements\" \/>\n<meta name=\"robots\" content=\"index, follow, max-snippet:-1, max-image-preview:large, max-video-preview:-1\" \/>\n<link rel=\"canonical\" href=\"https:\/\/artprojectrots.fr\/index.php\/actualites\/\" \/>\n<meta property=\"og:locale\" content=\"fr_FR\" \/>\n<meta property=\"og:type\" content=\"article\" \/>\n<meta property=\"og:title\" content=\"Actualit\u00e9s - Art Project Danse Rots\" \/>\n<meta property=\"og:description\" content=\"Actualit\u00e9s de l&#039;association Art Project Danse Rots - Spectacle, repetitions, photo, videos, entrainements\" \/>\n<meta property=\"og:url\" content=\"https:\/\/artprojectrots.fr\/index.php\/actualites\/\" \/>\n<meta property=\"og:site_name\" content=\"Art Project Danse Rots\" \/>\n<meta property=\"article:modified_time\" content=\"2025-05-13T19:04:33+00:00\" \/>\n<meta property=\"og:image\" content=\"https:\/\/artprojectrots.fr\/wp-content\/uploads\/2019\/03\/cropped-logo-550x550Favicon.jpg\" \/>\n\t<meta property=\"og:image:width\" content=\"512\" \/>\n\t<meta property=\"og:image:height\" content=\"512\" \/>\n\t<meta property=\"og:image:type\" content=\"image\/jpeg\" \/>\n<meta name=\"twitter:card\" content=\"summary_large_image\" \/>\n<meta name=\"twitter:label1\" content=\"Dur\u00e9e de lecture estim\u00e9e\" \/>\n\t<meta name=\"twitter:data1\" content=\"1 minute\" \/>\n<script type=\"application\/ld+json\" class=\"yoast-schema-graph\">{\"@context\":\"https:\\\/\\\/schema.org\",\"@graph\":[{\"@type\":\"WebPage\",\"@id\":\"https:\\\/\\\/artprojectrots.fr\\\/index.php\\\/actualites\\\/\",\"url\":\"https:\\\/\\\/artprojectrots.fr\\\/index.php\\\/actualites\\\/\",\"name\":\"Actualit\u00e9s - Art Project Danse Rots\",\"isPartOf\":{\"@id\":\"https:\\\/\\\/artprojectrots.fr\\\/#website\"},\"datePublished\":\"2019-03-21T13:40:21+00:00\",\"dateModified\":\"2025-05-13T19:04:33+00:00\",\"description\":\"Actualit\u00e9s de l'association Art Project Danse Rots - Spectacle, repetitions, photo, videos, entrainements\",\"breadcrumb\":{\"@id\":\"https:\\\/\\\/artprojectrots.fr\\\/index.php\\\/actualites\\\/#breadcrumb\"},\"inLanguage\":\"fr-FR\",\"potentialAction\":[{\"@type\":\"ReadAction\",\"target\":[\"https:\\\/\\\/artprojectrots.fr\\\/index.php\\\/actualites\\\/\"]}]},{\"@type\":\"BreadcrumbList\",\"@id\":\"https:\\\/\\\/artprojectrots.fr\\\/index.php\\\/actualites\\\/#breadcrumb\",\"itemListElement\":[{\"@type\":\"ListItem\",\"position\":1,\"name\":\"Accueil\",\"item\":\"https:\\\/\\\/artprojectrots.fr\\\/\"},{\"@type\":\"ListItem\",\"position\":2,\"name\":\"Actualit\u00e9s\"}]},{\"@type\":\"WebSite\",\"@id\":\"https:\\\/\\\/artprojectrots.fr\\\/#website\",\"url\":\"https:\\\/\\\/artprojectrots.fr\\\/\",\"name\":\"Art Project Danse Rots\",\"description\":\"Cours de danse Street Jazz Moderne Contemporaine \u00e0 Rots Caen\",\"publisher\":{\"@id\":\"https:\\\/\\\/artprojectrots.fr\\\/#organization\"},\"alternateName\":\"Ecole de danse Moderne Contemporaine Street Jazz \u00e0 rots pr\u00e8s de Caen\",\"potentialAction\":[{\"@type\":\"SearchAction\",\"target\":{\"@type\":\"EntryPoint\",\"urlTemplate\":\"https:\\\/\\\/artprojectrots.fr\\\/?s={search_term_string}\"},\"query-input\":{\"@type\":\"PropertyValueSpecification\",\"valueRequired\":true,\"valueName\":\"search_term_string\"}}],\"inLanguage\":\"fr-FR\"},{\"@type\":\"Organization\",\"@id\":\"https:\\\/\\\/artprojectrots.fr\\\/#organization\",\"name\":\"Art Project Danse Rots\",\"alternateName\":\"Ecole de danse Moderne Contemporaine Street Jazz \u00e0 rots pr\u00e8s de Caen\",\"url\":\"https:\\\/\\\/artprojectrots.fr\\\/\",\"logo\":{\"@type\":\"ImageObject\",\"inLanguage\":\"fr-FR\",\"@id\":\"https:\\\/\\\/artprojectrots.fr\\\/#\\\/schema\\\/logo\\\/image\\\/\",\"url\":\"http:\\\/\\\/artprojectrots.fr\\\/wp-content\\\/uploads\\\/2019\\\/03\\\/logo-danse-art-project-rots.jpg\",\"contentUrl\":\"http:\\\/\\\/artprojectrots.fr\\\/wp-content\\\/uploads\\\/2019\\\/03\\\/logo-danse-art-project-rots.jpg\",\"width\":772,\"height\":515,\"caption\":\"Art Project Danse Rots\"},\"image\":{\"@id\":\"https:\\\/\\\/artprojectrots.fr\\\/#\\\/schema\\\/logo\\\/image\\\/\"},\"sameAs\":[\"https:\\\/\\\/www.instagram.com\\\/artprojectdanse\\\/?hl=fr\"]}]}<\/script>\n<!-- \/ Yoast SEO plugin. -->","yoast_head_json":{"title":"Actualit\u00e9s - Art Project Danse Rots","description":"Actualit\u00e9s de l'association Art Project Danse Rots - Spectacle, repetitions, photo, videos, entrainements","robots":{"index":"index","follow":"follow","max-snippet":"max-snippet:-1","max-image-preview":"max-image-preview:large","max-video-preview":"max-video-preview:-1"},"canonical":"https:\/\/artprojectrots.fr\/index.php\/actualites\/","og_locale":"fr_FR","og_type":"article","og_title":"Actualit\u00e9s - Art Project Danse Rots","og_description":"Actualit\u00e9s de l'association Art Project Danse Rots - Spectacle, repetitions, photo, videos, entrainements","og_url":"https:\/\/artprojectrots.fr\/index.php\/actualites\/","og_site_name":"Art Project Danse Rots","article_modified_time":"2025-05-13T19:04:33+00:00","og_image":[{"width":512,"height":512,"url":"https:\/\/artprojectrots.fr\/wp-content\/uploads\/2019\/03\/cropped-logo-550x550Favicon.jpg","type":"image\/jpeg"}],"twitter_card":"summary_large_image","twitter_misc":{"Dur\u00e9e de lecture estim\u00e9e":"1 minute"},"schema":{"@context":"https:\/\/schema.org","@graph":[{"@type":"WebPage","@id":"https:\/\/artprojectrots.fr\/index.php\/actualites\/","url":"https:\/\/artprojectrots.fr\/index.php\/actualites\/","name":"Actualit\u00e9s - Art Project Danse Rots","isPartOf":{"@id":"https:\/\/artprojectrots.fr\/#website"},"datePublished":"2019-03-21T13:40:21+00:00","dateModified":"2025-05-13T19:04:33+00:00","description":"Actualit\u00e9s de l'association Art Project Danse Rots - Spectacle, repetitions, photo, videos, entrainements","breadcrumb":{"@id":"https:\/\/artprojectrots.fr\/index.php\/actualites\/#breadcrumb"},"inLanguage":"fr-FR","potentialAction":[{"@type":"ReadAction","target":["https:\/\/artprojectrots.fr\/index.php\/actualites\/"]}]},{"@type":"BreadcrumbList","@id":"https:\/\/artprojectrots.fr\/index.php\/actualites\/#breadcrumb","itemListElement":[{"@type":"ListItem","position":1,"name":"Accueil","item":"https:\/\/artprojectrots.fr\/"},{"@type":"ListItem","position":2,"name":"Actualit\u00e9s"}]},{"@type":"WebSite","@id":"https:\/\/artprojectrots.fr\/#website","url":"https:\/\/artprojectrots.fr\/","name":"Art Project Danse Rots","description":"Cours de danse Street Jazz Moderne Contemporaine \u00e0 Rots Caen","publisher":{"@id":"https:\/\/artprojectrots.fr\/#organization"},"alternateName":"Ecole de danse Moderne Contemporaine Street Jazz \u00e0 rots pr\u00e8s de Caen","potentialAction":[{"@type":"SearchAction","target":{"@type":"EntryPoint","urlTemplate":"https:\/\/artprojectrots.fr\/?s={search_term_string}"},"query-input":{"@type":"PropertyValueSpecification","valueRequired":true,"valueName":"search_term_string"}}],"inLanguage":"fr-FR"},{"@type":"Organization","@id":"https:\/\/artprojectrots.fr\/#organization","name":"Art Project Danse Rots","alternateName":"Ecole de danse Moderne Contemporaine Street Jazz \u00e0 rots pr\u00e8s de Caen","url":"https:\/\/artprojectrots.fr\/","logo":{"@type":"ImageObject","inLanguage":"fr-FR","@id":"https:\/\/artprojectrots.fr\/#\/schema\/logo\/image\/","url":"http:\/\/artprojectrots.fr\/wp-content\/uploads\/2019\/03\/logo-danse-art-project-rots.jpg","contentUrl":"http:\/\/artprojectrots.fr\/wp-content\/uploads\/2019\/03\/logo-danse-art-project-rots.jpg","width":772,"height":515,"caption":"Art Project Danse Rots"},"image":{"@id":"https:\/\/artprojectrots.fr\/#\/schema\/logo\/image\/"},"sameAs":["https:\/\/www.instagram.com\/artprojectdanse\/?hl=fr"]}]}},"_links":{"self":[{"href":"https:\/\/artprojectrots.fr\/index.php\/wp-json\/wp\/v2\/pages\/142","targetHints":{"allow":["GET"]}}],"collection":[{"href":"https:\/\/artprojectrots.fr\/index.php\/wp-json\/wp\/v2\/pages"}],"about":[{"href":"https:\/\/artprojectrots.fr\/index.php\/wp-json\/wp\/v2\/types\/page"}],"author":[{"embeddable":true,"href":"https:\/\/artprojectrots.fr\/index.php\/wp-json\/wp\/v2\/users\/1"}],"replies":[{"embeddable":true,"href":"https:\/\/artprojectrots.fr\/index.php\/wp-json\/wp\/v2\/comments?post=142"}],"version-history":[{"count":10,"href":"https:\/\/artprojectrots.fr\/index.php\/wp-json\/wp\/v2\/pages\/142\/revisions"}],"predecessor-version":[{"id":412,"href":"https:\/\/artprojectrots.fr\/index.php\/wp-json\/wp\/v2\/pages\/142\/revisions\/412"}],"wp:attachment":[{"href":"https:\/\/artprojectrots.fr\/index.php\/wp-json\/wp\/v2\/media?parent=142"}],"curies":[{"name":"wp","href":"https:\/\/api.w.org\/{rel}","templated":true}]}}